{"id":554,"date":"2026-04-02T19:44:20","date_gmt":"2026-04-02T19:44:20","guid":{"rendered":"https:\/\/www.malportados.com\/tienda\/?post_type=product&#038;p=554"},"modified":"2026-04-13T15:51:22","modified_gmt":"2026-04-13T15:51:22","slug":"jersey-malportados-2026","status":"publish","type":"product","link":"https:\/\/www.malportados.com\/tienda\/producto\/jersey-malportados-2026\/","title":{"rendered":"Jersey Malportados 2026"},"content":{"rendered":"<p>La tela jersey es un tejido de punto ligero, transpirable y el\u00e1stico, compuesto mayormente por poli\u00e9ster o mezclas con elastano, destacando por su secado r\u00e1pido y durabilidad.<\/p>\n","protected":false},"excerpt":{"rendered":"<p><span style=\"color: #ff0000;\"><strong>\u00a1PRECIO DE PREVENTA DURANTE ABRIL!<\/strong><\/span><\/p>\n<p>Las compras hechas en preventa ser\u00e1n entregadas a partir del s\u00e1bado 25 de abril.<br \/>\nLas compras posteriores al 10 de abril ser\u00e1n entregadas a partir del s\u00e1bado 9 de mayo.<\/p>\n<p>Jersey Malportados 2026 en conmemoraci\u00f3n del ENVESPAMX 2026 y del Mundial de F\u00fatbol que se realizar\u00e1 en M\u00e9xico.<\/p>\n","protected":false},"featured_media":555,"template":"","meta":{"jetpack_publicize_message":"","jetpack_publicize_feature_enabled":true,"jetpack_social_post_already_shared":true,"jetpack_social_options":{"image_generator_settings":{"template":"highway","default_image_id":0,"font":"","enabled":false},"version":2}},"product_brand":[],"product_cat":[22],"product_tag":[],"class_list":{"0":"post-554","1":"product","2":"type-product","3":"status-publish","4":"has-post-thumbnail","6":"product_cat-ropa","7":"product_shipping_class-enviosobre","9":"first","10":"instock","11":"sale","12":"shipping-taxable","13":"purchasable","14":"product-type-variable"},"jetpack_publicize_connections":[],"jetpack_sharing_enabled":true,"_links":{"self":[{"href":"https:\/\/www.malportados.com\/tienda\/wp-json\/wp\/v2\/product\/554","targetHints":{"allow":["GET"]}}],"collection":[{"href":"https:\/\/www.malportados.com\/tienda\/wp-json\/wp\/v2\/product"}],"about":[{"href":"https:\/\/www.malportados.com\/tienda\/wp-json\/wp\/v2\/types\/product"}],"wp:featuredmedia":[{"embeddable":true,"href":"https:\/\/www.malportados.com\/tienda\/wp-json\/wp\/v2\/media\/555"}],"wp:attachment":[{"href":"https:\/\/www.malportados.com\/tienda\/wp-json\/wp\/v2\/media?parent=554"}],"wp:term":[{"taxonomy":"product_brand","embeddable":true,"href":"https:\/\/www.malportados.com\/tienda\/wp-json\/wp\/v2\/product_brand?post=554"},{"taxonomy":"product_cat","embeddable":true,"href":"https:\/\/www.malportados.com\/tienda\/wp-json\/wp\/v2\/product_cat?post=554"},{"taxonomy":"product_tag","embeddable":true,"href":"https:\/\/www.malportados.com\/tienda\/wp-json\/wp\/v2\/product_tag?post=554"}],"curies":[{"name":"wp","href":"https:\/\/api.w.org\/{rel}","templated":true}]}}